{"id":167,"date":"2025-11-13T17:36:43","date_gmt":"2025-11-13T16:36:43","guid":{"rendered":"https:\/\/sauctallercreatiu.com\/?page_id=167"},"modified":"2025-11-13T17:43:47","modified_gmt":"2025-11-13T16:43:47","slug":"el-taller","status":"publish","type":"page","link":"https:\/\/sauctallercreatiu.com\/index.php\/el-taller\/","title":{"rendered":"El taller"},"content":{"rendered":"\n<div class=\"wp-block-columns is-layout-flex wp-container-core-columns-is-layout-28f84493 wp-block-columns-is-layout-flex\">\n<div class=\"wp-block-column is-vertically-aligned-center is-layout-flow wp-block-column-is-layout-flow\" style=\"flex-basis:66.66%\">\n<h4 class=\"wp-block-heading\">Qui\u00e9nes somos?<\/h4>\n\n\n\n<p>Sa\u00fcc es un taller creativo situado en Poblats Mar\u00edtims, entre Ayora y El Cabanyal, en Val\u00e8ncia,<br>Un espacio abierto y acogedor donde las ideas toman forma a trav\u00e9s de las manos, los materiales y la inspiraci\u00f3n compartida.<\/p>\n\n\n\n<p>Creemos en el valor del proceso artesanal, en la calma de hacer las cosas con tiempo y en la magia que surge cuando la creatividad se encuentra con la comunidad.<\/p>\n<\/div>\n\n\n\n<div class=\"wp-block-column is-layout-flow wp-block-column-is-layout-flow\" style=\"flex-basis:33.33%\">\n<figure class=\"wp-block-image size-large\"><img loading=\"lazy\" decoding=\"async\" width=\"1024\" height=\"948\" src=\"http:\/\/sauctallercreatiu.com\/wp-content\/uploads\/2025\/11\/PXL_20250923_115313583.PORTRAIT-scaled-e1763051942207-1024x948.jpg\" alt=\"\" class=\"wp-image-172\" srcset=\"https:\/\/sauctallercreatiu.com\/wp-content\/uploads\/2025\/11\/PXL_20250923_115313583.PORTRAIT-scaled-e1763051942207-1024x948.jpg 1024w, https:\/\/sauctallercreatiu.com\/wp-content\/uploads\/2025\/11\/PXL_20250923_115313583.PORTRAIT-scaled-e1763051942207-300x278.jpg 300w, https:\/\/sauctallercreatiu.com\/wp-content\/uploads\/2025\/11\/PXL_20250923_115313583.PORTRAIT-scaled-e1763051942207-768x711.jpg 768w, https:\/\/sauctallercreatiu.com\/wp-content\/uploads\/2025\/11\/PXL_20250923_115313583.PORTRAIT-scaled-e1763051942207-1536x1422.jpg 1536w, https:\/\/sauctallercreatiu.com\/wp-content\/uploads\/2025\/11\/PXL_20250923_115313583.PORTRAIT-scaled-e1763051942207-1140x1055.jpg 1140w, https:\/\/sauctallercreatiu.com\/wp-content\/uploads\/2025\/11\/PXL_20250923_115313583.PORTRAIT-scaled-e1763051942207-920x852.jpg 920w, https:\/\/sauctallercreatiu.com\/wp-content\/uploads\/2025\/11\/PXL_20250923_115313583.PORTRAIT-scaled-e1763051942207-575x532.jpg 575w, https:\/\/sauctallercreatiu.com\/wp-content\/uploads\/2025\/11\/PXL_20250923_115313583.PORTRAIT-scaled-e1763051942207-380x352.jpg 380w, https:\/\/sauctallercreatiu.com\/wp-content\/uploads\/2025\/11\/PXL_20250923_115313583.PORTRAIT-scaled-e1763051942207.jpg 1775w\" sizes=\"auto, (max-width: 1024px) 100vw, 1024px\" \/><\/figure>\n<\/div>\n<\/div>\n\n\n\n<hr class=\"wp-block-separator has-alpha-channel-opacity\" style=\"margin-top:var(--wp--preset--spacing--40);margin-bottom:var(--wp--preset--spacing--40)\"\/>\n\n\n\n<div class=\"wp-block-columns is-layout-flex wp-container-core-columns-is-layout-28f84493 wp-block-columns-is-layout-flex\">\n<div class=\"wp-block-column is-layout-flow wp-block-column-is-layout-flow\" style=\"flex-basis:33.33%\">\n<figure class=\"wp-block-image size-large\"><img loading=\"lazy\" decoding=\"async\" width=\"771\" height=\"1024\" src=\"http:\/\/sauctallercreatiu.com\/wp-content\/uploads\/2025\/11\/REGI-LINO-771x1024.jpg\" alt=\"\" class=\"wp-image-154\" srcset=\"https:\/\/sauctallercreatiu.com\/wp-content\/uploads\/2025\/11\/REGI-LINO-771x1024.jpg 771w, https:\/\/sauctallercreatiu.com\/wp-content\/uploads\/2025\/11\/REGI-LINO-226x300.jpg 226w, https:\/\/sauctallercreatiu.com\/wp-content\/uploads\/2025\/11\/REGI-LINO-768x1020.jpg 768w, https:\/\/sauctallercreatiu.com\/wp-content\/uploads\/2025\/11\/REGI-LINO-1157x1536.jpg 1157w, https:\/\/sauctallercreatiu.com\/wp-content\/uploads\/2025\/11\/REGI-LINO-1542x2048.jpg 1542w, https:\/\/sauctallercreatiu.com\/wp-content\/uploads\/2025\/11\/REGI-LINO-1140x1514.jpg 1140w, https:\/\/sauctallercreatiu.com\/wp-content\/uploads\/2025\/11\/REGI-LINO-920x1222.jpg 920w, https:\/\/sauctallercreatiu.com\/wp-content\/uploads\/2025\/11\/REGI-LINO-575x764.jpg 575w, https:\/\/sauctallercreatiu.com\/wp-content\/uploads\/2025\/11\/REGI-LINO-380x505.jpg 380w, https:\/\/sauctallercreatiu.com\/wp-content\/uploads\/2025\/11\/REGI-LINO-scaled.jpg 1928w\" sizes=\"auto, (max-width: 771px) 100vw, 771px\" \/><\/figure>\n<\/div>\n\n\n\n<div class=\"wp-block-column is-vertically-aligned-center is-layout-flow wp-block-column-is-layout-flow\" style=\"flex-basis:66.66%\">\n<h4 class=\"wp-block-heading\">Qu\u00e9 hacemos?<\/h4>\n\n\n\n<p>En Sa\u00fcc ofrecemos talleres y experiencias creativas para diversas edades y niveles.<br>Nuestro objetivo es que cada persona encuentre su espacio para explorar, aprender y disfrutar.<\/p>\n\n\n\n<ul class=\"wp-block-list\">\n<li>\ud83c\udf3f <strong>T\u00e9cnicas artesanales<\/strong> como linograbado, cianotipia o velas arom\u00e1ticas.<\/li>\n\n\n\n<li>\ud83d\udd6f\ufe0f <strong>Talleres tem\u00e1ticos y estacionales<\/strong>, como los de Navidad o Fallas, con materiales naturales y procesos sostenibles.<\/li>\n\n\n\n<li>\ud83c\udfa8 <strong>Proyectos personalizados<\/strong> para grupos, empresas o escuelas, adaptados a cada necesidad.<\/li>\n\n\n\n<li>\ud83c\udf81 <strong>Experiencias creativas como regalo<\/strong>, para compartir momentos \u00fanicos.<\/li>\n<\/ul>\n<\/div>\n<\/div>\n\n\n\n<hr class=\"wp-block-separator has-alpha-channel-opacity\" style=\"margin-top:var(--wp--preset--spacing--40);margin-bottom:var(--wp--preset--spacing--40)\"\/>\n\n\n\n<div class=\"wp-block-columns is-layout-flex wp-container-core-columns-is-layout-28f84493 wp-block-columns-is-layout-flex\">\n<div class=\"wp-block-column is-vertically-aligned-center is-layout-flow wp-block-column-is-layout-flow\" style=\"flex-basis:66.66%\">\n<h4 class=\"wp-block-heading\">Nuestra filosof\u00eda<\/h4>\n\n\n\n<p>En Sa\u00fcc defendemos la creatividad como una forma de conexi\u00f3n: con uno mismo, con los dem\u00e1s y con el entorno.<br>Trabajamos desde el respeto por los materiales, la belleza de la imperfecci\u00f3n y la importancia del proceso por encima del resultado.<\/p>\n\n\n\n<p>Queremos que cada persona que pase por el taller encuentre un momento de pausa, de juego y de expresi\u00f3n aut\u00e9ntica.<\/p>\n<\/div>\n\n\n\n<div class=\"wp-block-column is-layout-flow wp-block-column-is-layout-flow\" style=\"flex-basis:33.33%\">\n<figure class=\"wp-block-image size-large\"><img loading=\"lazy\" decoding=\"async\" width=\"771\" height=\"1024\" src=\"http:\/\/sauctallercreatiu.com\/wp-content\/uploads\/2025\/11\/taller-ciano-771x1024.jpg\" alt=\"\" class=\"wp-image-153\" srcset=\"https:\/\/sauctallercreatiu.com\/wp-content\/uploads\/2025\/11\/taller-ciano-771x1024.jpg 771w, https:\/\/sauctallercreatiu.com\/wp-content\/uploads\/2025\/11\/taller-ciano-226x300.jpg 226w, https:\/\/sauctallercreatiu.com\/wp-content\/uploads\/2025\/11\/taller-ciano-768x1020.jpg 768w, https:\/\/sauctallercreatiu.com\/wp-content\/uploads\/2025\/11\/taller-ciano-1157x1536.jpg 1157w, https:\/\/sauctallercreatiu.com\/wp-content\/uploads\/2025\/11\/taller-ciano-1542x2048.jpg 1542w, https:\/\/sauctallercreatiu.com\/wp-content\/uploads\/2025\/11\/taller-ciano-1140x1514.jpg 1140w, https:\/\/sauctallercreatiu.com\/wp-content\/uploads\/2025\/11\/taller-ciano-920x1222.jpg 920w, https:\/\/sauctallercreatiu.com\/wp-content\/uploads\/2025\/11\/taller-ciano-575x764.jpg 575w, https:\/\/sauctallercreatiu.com\/wp-content\/uploads\/2025\/11\/taller-ciano-380x505.jpg 380w, https:\/\/sauctallercreatiu.com\/wp-content\/uploads\/2025\/11\/taller-ciano-scaled.jpg 1928w\" sizes=\"auto, (max-width: 771px) 100vw, 771px\" \/><\/figure>\n<\/div>\n<\/div>\n\n\n\n<hr class=\"wp-block-separator has-alpha-channel-opacity\"\/>\n\n\n\n<h4 class=\"wp-block-heading\">Participa<\/h4>\n\n\n\n<p>Consulta el calendario actualizado de talleres en nuestro <strong>perfil de Instagram<\/strong> o escr\u00edbenos por <strong>WhatsApp<\/strong> para recibir toda la informaci\u00f3n y reservar tu plaza.<br>Te esperamos para crear juntos \ud83d\udc9b<\/p>\n\n\n\n<ul class=\"wp-block-social-links aligncenter has-large-icon-size is-horizontal is-content-justification-center is-layout-flex wp-container-core-social-links-is-layout-03627597 wp-block-social-links-is-layout-flex\"><li class=\"wp-social-link wp-social-link-instagram  wp-block-social-link\"><a href=\"https:\/\/www.instagram.com\/sauc.tallercreatiu\/\" class=\"wp-block-social-link-anchor\"><svg width=\"24\" height=\"24\" viewBox=\"0 0 24 24\" version=\"1.1\" xmlns=\"http:\/\/www.w3.org\/2000\/svg\" aria-hidden=\"true\" focusable=\"false\"><path d=\"M12,4.622c2.403,0,2.688,0.009,3.637,0.052c0.877,0.04,1.354,0.187,1.671,0.31c0.42,0.163,0.72,0.358,1.035,0.673 c0.315,0.315,0.51,0.615,0.673,1.035c0.123,0.317,0.27,0.794,0.31,1.671c0.043,0.949,0.052,1.234,0.052,3.637 s-0.009,2.688-0.052,3.637c-0.04,0.877-0.187,1.354-0.31,1.671c-0.163,0.42-0.358,0.72-0.673,1.035 c-0.315,0.315-0.615,0.51-1.035,0.673c-0.317,0.123-0.794,0.27-1.671,0.31c-0.949,0.043-1.233,0.052-3.637,0.052 s-2.688-0.009-3.637-0.052c-0.877-0.04-1.354-0.187-1.671-0.31c-0.42-0.163-0.72-0.358-1.035-0.673 c-0.315-0.315-0.51-0.615-0.673-1.035c-0.123-0.317-0.27-0.794-0.31-1.671C4.631,14.688,4.622,14.403,4.622,12 s0.009-2.688,0.052-3.637c0.04-0.877,0.187-1.354,0.31-1.671c0.163-0.42,0.358-0.72,0.673-1.035 c0.315-0.315,0.615-0.51,1.035-0.673c0.317-0.123,0.794-0.27,1.671-0.31C9.312,4.631,9.597,4.622,12,4.622 M12,3 C9.556,3,9.249,3.01,8.289,3.054C7.331,3.098,6.677,3.25,6.105,3.472C5.513,3.702,5.011,4.01,4.511,4.511 c-0.5,0.5-0.808,1.002-1.038,1.594C3.25,6.677,3.098,7.331,3.054,8.289C3.01,9.249,3,9.556,3,12c0,2.444,0.01,2.751,0.054,3.711 c0.044,0.958,0.196,1.612,0.418,2.185c0.23,0.592,0.538,1.094,1.038,1.594c0.5,0.5,1.002,0.808,1.594,1.038 c0.572,0.222,1.227,0.375,2.185,0.418C9.249,20.99,9.556,21,12,21s2.751-0.01,3.711-0.054c0.958-0.044,1.612-0.196,2.185-0.418 c0.592-0.23,1.094-0.538,1.594-1.038c0.5-0.5,0.808-1.002,1.038-1.594c0.222-0.572,0.375-1.227,0.418-2.185 C20.99,14.751,21,14.444,21,12s-0.01-2.751-0.054-3.711c-0.044-0.958-0.196-1.612-0.418-2.185c-0.23-0.592-0.538-1.094-1.038-1.594 c-0.5-0.5-1.002-0.808-1.594-1.038c-0.572-0.222-1.227-0.375-2.185-0.418C14.751,3.01,14.444,3,12,3L12,3z M12,7.378 c-2.552,0-4.622,2.069-4.622,4.622S9.448,16.622,12,16.622s4.622-2.069,4.622-4.622S14.552,7.378,12,7.378z M12,15 c-1.657,0-3-1.343-3-3s1.343-3,3-3s3,1.343,3,3S13.657,15,12,15z M16.804,6.116c-0.596,0-1.08,0.484-1.08,1.08 s0.484,1.08,1.08,1.08c0.596,0,1.08-0.484,1.08-1.08S17.401,6.116,16.804,6.116z\"><\/path><\/svg><span class=\"wp-block-social-link-label screen-reader-text\">Instagram<\/span><\/a><\/li>\n\n<li class=\"wp-social-link wp-social-link-whatsapp  wp-block-social-link\"><a href=\"https:\/\/wa.me\/+34614295549\" class=\"wp-block-social-link-anchor\"><svg width=\"24\" height=\"24\" viewBox=\"0 0 24 24\" version=\"1.1\" xmlns=\"http:\/\/www.w3.org\/2000\/svg\" aria-hidden=\"true\" focusable=\"false\"><path d=\"M 12.011719 2 C 6.5057187 2 2.0234844 6.478375 2.0214844 11.984375 C 2.0204844 13.744375 2.4814687 15.462563 3.3554688 16.976562 L 2 22 L 7.2324219 20.763672 C 8.6914219 21.559672 10.333859 21.977516 12.005859 21.978516 L 12.009766 21.978516 C 17.514766 21.978516 21.995047 17.499141 21.998047 11.994141 C 22.000047 9.3251406 20.962172 6.8157344 19.076172 4.9277344 C 17.190172 3.0407344 14.683719 2.001 12.011719 2 z M 12.009766 4 C 14.145766 4.001 16.153109 4.8337969 17.662109 6.3417969 C 19.171109 7.8517969 20.000047 9.8581875 19.998047 11.992188 C 19.996047 16.396187 16.413812 19.978516 12.007812 19.978516 C 10.674812 19.977516 9.3544062 19.642812 8.1914062 19.007812 L 7.5175781 18.640625 L 6.7734375 18.816406 L 4.8046875 19.28125 L 5.2851562 17.496094 L 5.5019531 16.695312 L 5.0878906 15.976562 C 4.3898906 14.768562 4.0204844 13.387375 4.0214844 11.984375 C 4.0234844 7.582375 7.6067656 4 12.009766 4 z M 8.4765625 7.375 C 8.3095625 7.375 8.0395469 7.4375 7.8105469 7.6875 C 7.5815469 7.9365 6.9355469 8.5395781 6.9355469 9.7675781 C 6.9355469 10.995578 7.8300781 12.182609 7.9550781 12.349609 C 8.0790781 12.515609 9.68175 15.115234 12.21875 16.115234 C 14.32675 16.946234 14.754891 16.782234 15.212891 16.740234 C 15.670891 16.699234 16.690438 16.137687 16.898438 15.554688 C 17.106437 14.971687 17.106922 14.470187 17.044922 14.367188 C 16.982922 14.263188 16.816406 14.201172 16.566406 14.076172 C 16.317406 13.951172 15.090328 13.348625 14.861328 13.265625 C 14.632328 13.182625 14.464828 13.140625 14.298828 13.390625 C 14.132828 13.640625 13.655766 14.201187 13.509766 14.367188 C 13.363766 14.534188 13.21875 14.556641 12.96875 14.431641 C 12.71875 14.305641 11.914938 14.041406 10.960938 13.191406 C 10.218937 12.530406 9.7182656 11.714844 9.5722656 11.464844 C 9.4272656 11.215844 9.5585938 11.079078 9.6835938 10.955078 C 9.7955938 10.843078 9.9316406 10.663578 10.056641 10.517578 C 10.180641 10.371578 10.223641 10.267562 10.306641 10.101562 C 10.389641 9.9355625 10.347156 9.7890625 10.285156 9.6640625 C 10.223156 9.5390625 9.737625 8.3065 9.515625 7.8125 C 9.328625 7.3975 9.131125 7.3878594 8.953125 7.3808594 C 8.808125 7.3748594 8.6425625 7.375 8.4765625 7.375 z\"><\/path><\/svg><span class=\"wp-block-social-link-label screen-reader-text\">WhatsApp<\/span><\/a><\/li><\/ul>\n\n\n\n<p><\/p>\n","protected":false},"excerpt":{"rendered":"<p>Qui\u00e9nes somos? Sa\u00fcc es un taller creativo situado en Poblats Mar\u00edtims, entre Ayora y El Cabanyal, en Val\u00e8ncia,Un espacio abierto y acogedor donde las ideas toman forma a trav\u00e9s de [&hellip;]<\/p>\n","protected":false},"author":1,"featured_media":0,"parent":0,"menu_order":0,"comment_status":"closed","ping_status":"closed","template":"","meta":{"_price":"","_stock":"","_tribe_ticket_header":"","_tribe_default_ticket_provider":"","_tribe_ticket_capacity":"0","_ticket_start_date":"","_ticket_end_date":"","_tribe_ticket_show_description":"","_tribe_ticket_show_not_going":false,"_tribe_ticket_use_global_stock":"","_tribe_ticket_global_stock_level":"","_global_stock_mode":"","_global_stock_cap":"","_tribe_rsvp_for_event":"","_tribe_ticket_going_count":"","_tribe_ticket_not_going_count":"","_tribe_tickets_list":"[]","_tribe_ticket_has_attendee_info_fields":false,"footnotes":"","_tec_slr_enabled":"","_tec_slr_layout":""},"class_list":["post-167","page","type-page","status-publish","hentry"],"ticketed":false,"_links":{"self":[{"href":"https:\/\/sauctallercreatiu.com\/index.php\/wp-json\/wp\/v2\/pages\/167","targetHints":{"allow":["GET"]}}],"collection":[{"href":"https:\/\/sauctallercreatiu.com\/index.php\/wp-json\/wp\/v2\/pages"}],"about":[{"href":"https:\/\/sauctallercreatiu.com\/index.php\/wp-json\/wp\/v2\/types\/page"}],"author":[{"embeddable":true,"href":"https:\/\/sauctallercreatiu.com\/index.php\/wp-json\/wp\/v2\/users\/1"}],"replies":[{"embeddable":true,"href":"https:\/\/sauctallercreatiu.com\/index.php\/wp-json\/wp\/v2\/comments?post=167"}],"version-history":[{"count":4,"href":"https:\/\/sauctallercreatiu.com\/index.php\/wp-json\/wp\/v2\/pages\/167\/revisions"}],"predecessor-version":[{"id":176,"href":"https:\/\/sauctallercreatiu.com\/index.php\/wp-json\/wp\/v2\/pages\/167\/revisions\/176"}],"wp:attachment":[{"href":"https:\/\/sauctallercreatiu.com\/index.php\/wp-json\/wp\/v2\/media?parent=167"}],"curies":[{"name":"wp","href":"https:\/\/api.w.org\/{rel}","templated":true}]}}